{"id":4724,"date":"2025-05-07T08:52:00","date_gmt":"2025-05-07T08:52:00","guid":{"rendered":"https:\/\/saliver.bravisthemes.com\/?page_id=4724"},"modified":"2026-02-26T03:14:03","modified_gmt":"2026-02-26T03:14:03","slug":"blog","status":"publish","type":"page","link":"https:\/\/socialerp.net\/?page_id=4724","title":{"rendered":"Blog"},"content":{"rendered":"\t\t<div data-elementor-type=\"wp-page\" data-elementor-id=\"4724\" class=\"elementor elementor-4724\">\n\t\t\t\t        <section class=\"elementor-section elementor-top-section elementor-element elementor-element-a127689 elementor-section-stretched elementor-section-boxed elementor-section-height-default elementor-section-height-default pxl-row-scroll-none pxl-zoom-point-false pxl-section-overflow-visible pxl-section-fix-none pxl-bg-color-none pxl-section-overlay-none\" data-id=\"a127689\" data-element_type=\"section\" data-e-type=\"section\" data-settings=\"{&quot;stretch_section&quot;:&quot;section-stretched&quot;}\">\n\n                \n                <div class=\"elementor-container elementor-column-gap-extended \">\n                <div class=\"elementor-column elementor-col-100 elementor-top-column elementor-element elementor-element-09121c4 pxl-column-none pxl-column-overflow-hidden-no\" data-id=\"09121c4\" data-element_type=\"column\" data-e-type=\"column\">\r\n        <div class=\"elementor-widget-wrap\">\r\n                     \r\n                    <\/div>\r\n        <\/div>\r\n        \t\t\t<\/div>\n\t\t<\/section>\n\t\t        <section class=\"elementor-section elementor-top-section elementor-element elementor-element-ccafd50 elementor-section-stretched elementor-section-boxed elementor-section-height-default elementor-section-height-default pxl-row-scroll-none pxl-zoom-point-false pxl-section-overflow-visible pxl-section-fix-none pxl-bg-color-none pxl-section-overlay-none\" data-id=\"ccafd50\" data-element_type=\"section\" data-e-type=\"section\" data-settings=\"{&quot;stretch_section&quot;:&quot;section-stretched&quot;}\">\n\n                \n                <div class=\"elementor-container elementor-column-gap-extended \">\n                <div class=\"elementor-column elementor-col-100 elementor-top-column elementor-element elementor-element-8e748a3 pxl-column-none pxl-column-overflow-hidden-no\" data-id=\"8e748a3\" data-element_type=\"column\" data-e-type=\"column\">\r\n        <div class=\"elementor-widget-wrap elementor-element-populated\">\r\n                     \r\n        \t\t<div class=\"elementor-element elementor-element-9d31a53 pxl-post-layout-post-2 elementor-widget elementor-widget-pxl_post_grid\" data-id=\"9d31a53\" data-element_type=\"widget\" data-e-type=\"widget\" data-widget_type=\"pxl_post_grid.default\">\n\t\t\t\t<div class=\"elementor-widget-container\">\n\t\t\t\t\t\n<div id=\"pxl_post_grid-9d31a53-1205\" class=\"pxl-grid pxl-blog-grid pxl-blog-grid-layout2 pxl-blog-style2\" data-start-page=\"1\" data-max-pages=\"1\" data-total=\"3\" data-perpage=\"6\" data-next-link=\"\" data-loadmore=\"{&quot;tax&quot;:[&quot;category&quot;],&quot;post_type&quot;:&quot;post&quot;,&quot;layout&quot;:&quot;post-2&quot;,&quot;startPage&quot;:1,&quot;maxPages&quot;:1,&quot;total&quot;:3,&quot;filter&quot;:&quot;false&quot;,&quot;filter_type&quot;:&quot;normal&quot;,&quot;perpage&quot;:&quot;6&quot;,&quot;nextLink&quot;:&quot;&quot;,&quot;source&quot;:&quot;&quot;,&quot;orderby&quot;:&quot;date&quot;,&quot;order&quot;:&quot;desc&quot;,&quot;limit&quot;:&quot;6&quot;,&quot;post_ids&quot;:[],&quot;col_xl&quot;:4,&quot;col_lg&quot;:4,&quot;col_md&quot;:6,&quot;col_sm&quot;:6,&quot;col_xs&quot;:12,&quot;pagination_type&quot;:&quot;pagination&quot;,&quot;show_date&quot;:&quot;true&quot;,&quot;show_comment&quot;:&quot;true&quot;,&quot;show_author&quot;:&quot;true&quot;,&quot;show_button&quot;:&quot;true&quot;,&quot;button_text&quot;:&quot;&quot;,&quot;show_excerpt&quot;:&quot;true&quot;,&quot;num_words&quot;:25,&quot;img_size&quot;:&quot;&quot;,&quot;grid_masonry&quot;:&quot;&quot;,&quot;pxl_animate&quot;:&quot;&quot;}\">\n    \n    <div class=\"pxl-grid-inner pxl-grid-masonry row\" data-gutter=\"15\">\n                    <div class=\"pxl-grid-item col-xl-4 col-lg-4 col-md-6 col-sm-6 col-12 saas software\">\n                <div class=\"pxl-item--inner wow \">\n                                                    <div class=\"pxl-post--featured hover-imge-effect2\">\n                                <a href=\"https:\/\/socialerp.net\/?p=3841\"><img fetchpriority=\"high\" decoding=\"async\" class=\"\" src=\"https:\/\/socialerp.net\/wp-content\/uploads\/2025\/04\/camara-bga-1-1080x675-1-800x500.png\" width=\"800\" height=\"500\" alt=\"camara-bga-1-1080x675\" title=\"camara-bga-1-1080x675\" \/><\/a>\n                                                            <\/div>\n                                                <div class=\"pxl-holder\">\n                            <div class=\"pxl-top\">\n                                <div class=\"pxl-post--tags\">\n                                    <a href=\"https:\/\/socialerp.net\/?tag=noticias\" class=\"pxl-tag-link\">Noticias<\/a>                                 <\/div>\n                                                                    <div class=\"pxl-post--date pxl-mr-10\">\n                                        <span class=\"pxl-date\">enero 28, 2026<\/span>\n                                    <\/div>\n                                                            <\/div>\n                            <h3 class=\"pxl-post--title\"><a href=\"https:\/\/socialerp.net\/?p=3841\">SocialERP Telegesti\u00f3n destaca en la Exhibici\u00f3n Tecnol\u00f3gica del Centro de Reindustrializaci\u00f3n ZASCA<\/a><\/h3>\n                        <\/div>\n                    <\/div>\n                <\/div>\n                        <div class=\"pxl-grid-item col-xl-4 col-lg-4 col-md-6 col-sm-6 col-12 saas software\">\n                <div class=\"pxl-item--inner wow \">\n                                                    <div class=\"pxl-post--featured hover-imge-effect2\">\n                                <a href=\"https:\/\/socialerp.net\/?p=3851\"><img decoding=\"async\" class=\"\" src=\"https:\/\/socialerp.net\/wp-content\/uploads\/2025\/04\/img-post6-800x500.webp\" width=\"800\" height=\"500\" alt=\"img-post6\" title=\"img-post6\" \/><\/a>\n                                                            <\/div>\n                                                <div class=\"pxl-holder\">\n                            <div class=\"pxl-top\">\n                                <div class=\"pxl-post--tags\">\n                                    <a href=\"https:\/\/socialerp.net\/?tag=noticias\" class=\"pxl-tag-link\">Noticias<\/a>                                 <\/div>\n                                                                    <div class=\"pxl-post--date pxl-mr-10\">\n                                        <span class=\"pxl-date\">abril 28, 2025<\/span>\n                                    <\/div>\n                                                            <\/div>\n                            <h3 class=\"pxl-post--title\"><a href=\"https:\/\/socialerp.net\/?p=3851\">Del Caos Creativo a Resultados Concretos<\/a><\/h3>\n                        <\/div>\n                    <\/div>\n                <\/div>\n                        <div class=\"pxl-grid-item col-xl-4 col-lg-4 col-md-6 col-sm-6 col-12 saas software\">\n                <div class=\"pxl-item--inner wow \">\n                                                    <div class=\"pxl-post--featured hover-imge-effect2\">\n                                <a href=\"https:\/\/socialerp.net\/?p=3849\"><img decoding=\"async\" class=\"\" src=\"https:\/\/socialerp.net\/wp-content\/uploads\/2025\/04\/img-post5-800x500.webp\" width=\"800\" height=\"500\" alt=\"img-post5\" title=\"img-post5\" \/><\/a>\n                                                            <\/div>\n                                                <div class=\"pxl-holder\">\n                            <div class=\"pxl-top\">\n                                <div class=\"pxl-post--tags\">\n                                    <a href=\"https:\/\/socialerp.net\/?tag=noticias\" class=\"pxl-tag-link\">Noticias<\/a>                                 <\/div>\n                                                                    <div class=\"pxl-post--date pxl-mr-10\">\n                                        <span class=\"pxl-date\">abril 28, 2025<\/span>\n                                    <\/div>\n                                                            <\/div>\n                            <h3 class=\"pxl-post--title\"><a href=\"https:\/\/socialerp.net\/?p=3849\">SocialERP: la columna vertebral que transforma la estrategia en resultados (y te regala tiempo)<\/a><\/h3>\n                        <\/div>\n                    <\/div>\n                <\/div>\n                    <div class=\"grid-sizer col-xl-4 col-lg-4 col-md-6 col-sm-6 col-12\"><\/div>\n        \n    <\/div>\n            <div class=\"pxl-grid-pagination\">\n                    <\/div>\n        <\/div>\t\t\t\t<\/div>\n\t\t\t\t<\/div>\n\t\t            <\/div>\r\n        <\/div>\r\n        \t\t\t<\/div>\n\t\t<\/section>\n\t\t\t\t<\/div>\n\t\t","protected":false},"excerpt":{"rendered":"<p>next-gen ai enero 28, 2026 SocialERP Telegesti\u00f3n destaca en la Exhibici\u00f3n Tecnol\u00f3gica del Centro de Reindustrializaci\u00f3n ZASCA next-gen ai abril 28, 2025 Del Caos Creativo a Resultados Concretos next-gen ai abril 28, 2025 SocialERP: la columna vertebral que transforma la estrategia en resultados (y te regala tiempo)<\/p>\n","protected":false},"author":1,"featured_media":0,"parent":0,"menu_order":0,"comment_status":"closed","ping_status":"closed","template":"","meta":{"footnotes":""},"class_list":["post-4724","page","type-page","status-publish","hentry"],"_links":{"self":[{"href":"https:\/\/socialerp.net\/index.php?rest_route=\/wp\/v2\/pages\/4724","targetHints":{"allow":["GET"]}}],"collection":[{"href":"https:\/\/socialerp.net\/index.php?rest_route=\/wp\/v2\/pages"}],"about":[{"href":"https:\/\/socialerp.net\/index.php?rest_route=\/wp\/v2\/types\/page"}],"author":[{"embeddable":true,"href":"https:\/\/socialerp.net\/index.php?rest_route=\/wp\/v2\/users\/1"}],"replies":[{"embeddable":true,"href":"https:\/\/socialerp.net\/index.php?rest_route=%2Fwp%2Fv2%2Fcomments&post=4724"}],"version-history":[{"count":7,"href":"https:\/\/socialerp.net\/index.php?rest_route=\/wp\/v2\/pages\/4724\/revisions"}],"predecessor-version":[{"id":7523,"href":"https:\/\/socialerp.net\/index.php?rest_route=\/wp\/v2\/pages\/4724\/revisions\/7523"}],"wp:attachment":[{"href":"https:\/\/socialerp.net\/index.php?rest_route=%2Fwp%2Fv2%2Fmedia&parent=4724"}],"curies":[{"name":"wp","href":"https:\/\/api.w.org\/{rel}","templated":true}]}}